236019. Give o(-45).
-51
Let z(b) = -424490*b + 848983. Calculate z(2).
3
Let l(s) = 12*s**2 + 10*s - 268504. Determine l(-150).
-4
Let o(d) = d**3 + 39*d**2 - 243*d + 1244. Calculate o(-45).
29
Let w(u) = 2*u**3 + 56*u**2 - 2342*u + 98. Give w(-51).
-106
Let d(f) = -20*f**2 + 61*f - 61. Give d(1).
-20
Let s(z) = z**3 + 109*z**2 + 1395*z + 152051. What is s(-109)?
-4
Let j(o) = 6*o**3 + 18*o**2 - 320*o + 2. Determine j(0).
2
Let x(a) = -215*a + 1865. Determine x(11).
-500
Let m(i) = 343*i - 998. Give m(2).
-312
Let a(x) = 46*x - 2638. Determine a(49).
-384
Let o(j) = -2*j**3 - 15*j**2 + 2575*j + 22931. Calculate o(-9).
-1
Let k(y) = 2623467*y - 15740789. Calculate k(6).
13
Let r(t) = -1249*t - 104081. Calculate r(-84).
835
Let q(k) = 534*k + 4556. Give q(-8).
284
Let d(b) = -b**3 + 13*b**2 - 64*b + 440. What is d(11)?
-22
Let n(o) = 3*o**2 + 31*o - 1093. What is n(-27)?
257
Let r(c) = c**3 + 23*c**2 - 220*c - 5082. Give r(-23).
-22
Let x(h) = 52*h**2 - 433*h - 345. Give x(9).
-30
Let x(w) = 13772*w + 151495. Determine x(-11).
3
Let s(f) = f**3 + 92*f**2 + 78*f + 5700. Calculate s(-92).
-1476
Let n(c) = -14599*c + 30043. Calculate n(2).
845
Let s(z) = -2*z**3 + 54*z**2 + 2688*z - 69738. What is s(25)?
-38
Let o(q) = -11368*q - 79024. Determine o(-7).
552
Let s(f) = 12*f**2 - 612*f - 4101. Determine s(-7).
771
Let x(v) = -1634*v**2 + 1659*v - 11. Determine x(1).
14
Let p(w) = -w**3 + 146*w**2 - 5*w + 727. Calculate p(146).
-3
Let x(a) = 20*a**3 + 7*a**2 + 27*a + 42. Give x(-3).
-516
Let g(d) = 2*d**3 + 93*d**2 - 117*d + 1296. Determine g(-48).
0
Let w(j) = 2*j**3 - 41*j**2 - 86*j + 1322. Determine w(21).
-43
Let t(p) = -94276*p + 5279455. Give t(56).
-1
Let l(c) = 1852*c - 16577. Give l(9).
91
Let j(v) = 4890*v + 835747. Calculate j(-171).
-443
Let o(g) = 60479*g - 8467076. Give o(140).
-16
Let o(a) = 2771*a - 141310. Give o(51).
11
Let c(k) = -5696*k + 398721. What is c(70)?
1
Let x(y) = -1541*y + 14058. What is x(9)?
189
Let h(y) = 992*y - 43901. Calculate h(46).
1731
Let k(g) = g**3 - 307*g**2 + 1705*g + 30413. Give k(301).
12
Let a(h) = 63*h**2 + 1459*h + 207. Calculate a(-23).
-23
Let t(c) = -197*c**2 - 1233*c + 2463. Calculate t(2).
-791
Let o(v) = 3*v**3 + 139*v**2 + 86*v - 908. Calculate o(-3).
4
Let m(z) = -709*z - 28368. Determine m(-40).
-8
Let u(o) = -2*o**2 + 23109*o - 208000. What is u(9)?
-181
Let p(q) = 2*q**3 - 19*q**2 - 40*q + 118. Calculate p(6).
-374
Let w(a) = -405*a - 172. Determine w(-1).
233
Let z(g) = -62*g**2 + 1272*g + 631. What is z(21)?
1
Let m(q) = 29*q**2 - 61*q - 94. What is m(3)?
-16
Let a(n) = n**2 + 94*n - 1353. What is a(13)?
38
Let p(n) = -2*n**3 - 414*n**2 + 2986*n - 1975. Calculate p(-214).
165
Let w(l) = -27*l**3 - 114*l**2 - 222*l - 28. Determine w(-2).
176
Let l(v) = -2*v**2 + 317*v + 28. What is l(0)?
28
Let g(f) = 3*f**3 + 92*f**2 + 304*f + 105. Determine g(-27).
-84
Let b(y) = -500*y**2 + 5832*y + 2040. What is b(12)?
24
Let v(a) = 9*a**3 - 71*a**2 + 22*a + 235. Calculate v(6).
-245
Let u(v) = 39*v**2 + 668*v + 65. What is u(-17)?
-20
Let q(w) = -2287*w - 45649. What is q(-20)?
91
Let n(r) = -r**2 - 889*r - 91624. Give n(-119).
6
Let v(y) = 54285*y + 379966. Determine v(-7).
-29
Let b(k) = -4*k**3 + 2262*k**2 + 1081*k + 28877. Calculate b(566).
11
Let s(c) = 5*c**3 - 4*c**2 + 90*c + 396. Determine s(-4).
-348
Let q(h) = -2*h**3 - 4954*h**2 - 24727*h - 21. What is q(-5)?
14
Let h(u) = 2*u**2 - 116*u - 1651. Calculate h(70).
29
Let l(o) = -11*o**2 + 273*o + 1401. Give l(-5).
-239
Let c(h) = -1092*h**2 + 11765*h - 17425. Give c(9).
8
Let d(j) = 2*j**3 + 476*j**2 + 18*j + 3861. Give d(-238).
-423
Let m(j) = 22*j**2 + 2527*j - 5147. What is m(2)?
-5
Let d(s) = -10*s**2 - 662*s + 174. Give d(-69).
-1758
Let c(g) = -112*g - 6035. What is c(-54)?
13
Let h(z) = -15543*z - 186521. What is h(-12)?
-5
Let l(i) = i**2 - 39*i - 3436. Give l(-45).
344
Let a(t) = 2874*t + 26072. Give a(-9).
206
Let g(s) = -130*s + 15397. What is g(124)?
-723
Let n(x) = 5402*x + 43152. Calculate n(-8).
-64
Let y(n) = n**3 + 40*n**2 - 362*n - 8192. What is y(-44)?
-8
Let k(o) = -606*o + 46009. Calculate k(76).
-47
Let s(z) = 20*z**2 + 355*z + 993. Determine s(-14).
-57
Let d(n) = -6*n**2 - 163*n - 668. Calculate d(-4).
-112
Let u(b) = -709*b - 87790. Determine u(-124).
126
Let n(u) = 6*u**3 - 124*u**2 - 247*u - 9. Give n(-2).
-59
Let d(k) = -k**3 + 60*k**2 + 2477*k - 11136. Give d(87).
0
Let u(y) = 784*y + 11999. What is u(-14)?
1023
Let k(g) = 10*g**2 + 885*g - 117. Determine k(-89).
328
Let s(j) = 57394*j + 5739393. Calculate s(-100).
-7
Let z(x) = -3*x**2 - 9868*x - 428405. What is z(-44)?
-21
Let y(s) = -1127993*s + 11279937. What is y(10)?
7
Let c(l) = 1016*l**3 + l**2 - 68*l + 66. Determine c(1).
1015
Let o(w) = 474*w**2 - 54984*w + 198. Calculate o(116).
198
Let z(u) = 2*u**3 + u**2 - 2467*u - 2468. What is z(-1)?
-2
Let b(h) = 95*h**2 + 294*h + 19. Calculate b(-6).
1675
Let r(k) = 2197*k + 8857. What is r(-4)?
69
Let n(m) = -241*m**2 + 7238*m - 239. Determine n(30).
1
Let x(g) = g**3 + 412*g**2 - 51*g + 149517. Determine x(-413).
11
Let u(b) = 25*b**2 + 16774*b + 66694. Calculate u(-4).
-2
Let w(y) = 31*y**2 - 488*y + 224. What is w(16)?
352
Let a(y) = -42*y**2 - 5186*y - 159955. Determine a(-60).
5
Let x(y) = -11*y**2 + 35701*y - 71396. What is x(2)?
-38
Let q(l) = l**3 + 91*l**2 - 5589*l + 123. Calculate q(42).
-3
Let i(x) = -6*x**2 + 561*x - 310. Give i(94).
-592
Let y(l) = -3*l**2 - 52*l - 475. Determine y(-12).
-283
Let k(h) = 22*h**2 + 648*h + 9721. Determine k(-15).
4951
Let i(d) = 19*d**2 - 428563*d - 428569. What is i(-1)?
13
Let n(v) = -v**3 + 14*v**2 + 806*v - 9059. Calculate n(11).
170
Let a(p) = 1724*p - 425830. Calculate a(247).
-2
Let x(f) = -1966*f - 11615. Give x(-6).
181
Let h(r) = -14*r**2 - 64*r + 90163. What is h(78)?
-5
Let g(o) = 22*o**3 + 4*o**2 - 38*o + 19. Calculate g(3).
535
Let r(f) = -f**2 - 631*f - 77273. What is r(-464)?
215
Let o(g) = g**2 - 297*g + 6778. What is o(25)?
-22
Let y(c) = -129*c**2 - 1366*c - 97. Give y(-10).
663
Let w(g) = g**3 + 41*g**2 - 5363*g - 16437. Calculate w(-3).
-6
Let p(q) = -2*q**3 - 20*q**2 + 613*q - 14. Calculate p(-23).
-359
Let m(c) = 20*c**2 - 2149*c - 504. Determine m(108).
684
Let v(q) = -q**3 + 174*q**2 - 6609*q + 170. What is v(118)?
52
Let r(g) = 3203*g - 25584. Give r(8).
40
Let f(z) = -12968*z - 855970. Calculate f(-66).
-82
Let r(t) = 1716459*t + 20597502. Calculate r(-12).
-6
Let p(b) = -b**3 + 43*b**2 - 405*b + 304. Calculate p(26).
1266
Let x(d) = 1841435*d + 3682873. Calculate x(-2).
3
Let r(k) = 927*k - 12670. Determine r(16).
2162
Let k(w) = -142*w**2 + 143*w - 2. Determine k(1).
-1
Let d(v) = 790*v - 5539. What is d(10)?
2361
Let q(m) = 4*m**3 - 31*m**2 + 1025*m - 7072. Determine q(7).
-44
Let i(z) = -85*z - 13169. Give i(-154).
-79
Let w(p) = 21070*p + 1474817. What is w(-70)?
-83
Let w(p) = -43*p + 2104. What is w(61)?
-519
Let m(r) = -3*r**2 + 2244*r + 11279. Calculate m(-5).
-16
Let t(z) = -2*z**2 + 259*z - 4568. Determine t(21).
-11
Let g(p) = 2*p**3 + 24*p**2 + 97*p + 464. Give g(-8).
200
Let a(k) = 448*k + 31076. Determine a(-69).
164
Let t(u) = -1604*u - 311165. Determine t(-194).
11
Let z(v) = -v**3 - 37*v**2 - 58*v - 310. Determine z(-29).
-5356
Let q(w) = 5*w**2 - 249*w + 2303. Give q(12).
35
Let i(v) = v**2 - 18234*v - 310265. Give i(-17).
2
Let h(r) = 5*r**2 + 876*r + 17497. Calculate h(-23).
-6
Let w(l) = 30*l + 1027. Determine w(-65).
-923
Let h(g) = -g**3 + 48*g**2 - 1678*g + 11942. What is h(9)?
-1
Let t(w) = -3*w**3 + 143*w**2 + 207*w - 414. What is t(49)?
125
Let l(t) = 10330*t + 20980. What is l(-2)?
320
Let v(m) = 55686*m + 612568. Calculate v(-11).
22
Let x(o) = -233*o**2 + 1461*o + 21. Give x(6).
399
Let v(a) = -2*a**2 - 11193*a - 936927. What is v(-85)?
28
Let l(s) = 5*s**2 + 3754*s + 324825. Determine l(-651).
-24
Let u(d) = -1125*d + 12597. What is u(11)?
222
Let b(g) = 4*g**3 + 290*g**2 + 686*g - 83. What is b(-70)?
897
Let s(b) = -b**2 + 5059*b + 1675769. Determine s(-312).
17
Let r(n) = 184*n - 2395. Determine r(14).
181
Let g(x) = -x**2 + 58*x + 3483. Determine g(-30).
843
Let b(r) = 8755*r - 3256837. Give b(372).
23
Let m(f) = 2*f**3 + 358*f**2 + 1748*f + 1338. Determine m(-174).
-54
Let y(s) = -978*s + 36681. Give 